54833
List the prime factors of 48428507.
48428507
What are the prime factors of 52679431?
7, 7525633
List the prime factors of 853326248.
2, 106665781
What are the prime factors of 150358187?
7, 443, 48487
What are the prime factors of 112104762?
2, 3, 7, 11, 167, 1453
What are the prime factors of 350997538?
2, 17, 61, 83, 2039
List the prime factors of 1678447903.
11, 107, 173, 8243
What are the prime factors of 204658702?
2, 823, 124337
What are the prime factors of 7191181746?
2, 3, 7, 271, 210601
What are the prime factors of 3327035969?
1031, 3226999
List the prime factors of 59387439.
3, 191, 103643
List the prime factors of 52499318.
2, 19, 197, 7013
What are the prime factors of 9025117?
9025117
List the prime factors of 2260747960.
2, 5, 97, 193, 3019
What are the prime factors of 15981477?
3, 113, 47143
List the prime factors of 90766126.
2, 11, 293, 14081
List the prime factors of 61181787.
3, 67, 79, 3853
List the prime factors of 462670567.
31, 481447
What are the prime factors of 34119573?
3, 19, 29, 20641
List the prime factors of 4202481.
3, 151, 9277
List the prime factors of 48744694.
2, 24372347
List the prime factors of 465620582.
2, 7, 17, 53, 36913
List the prime factors of 5739549.
3, 41, 46663
List the prime factors of 8724705.
3, 5, 11, 19, 23
List the prime factors of 2393543325.
3, 5, 31, 1029481
List the prime factors of 29023019.
659, 44041
What are the prime factors of 47946342?
2, 3, 7991057
What are the prime factors of 25765066?
2, 12882533
List the prime factors of 30868194.
2, 3, 7, 734957
What are the prime factors of 42158247?
3, 14052749
List the prime factors of 6431372.
2, 17, 271, 349
List the prime factors of 6875818143.
3, 2291939381
What are the prime factors of 7673066?
2, 821, 4673
What are the prime factors of 9440933?
17, 555349
List the prime factors of 811597851.
3, 53, 1171, 1453
List the prime factors of 246343112.
2, 31, 993319
List the prime factors of 53602472.
2, 7, 11, 31, 401
List the prime factors of 582674250.
2, 3, 5, 776899
What are the prime factors of 168338575?
5, 19, 151, 2347
List the prime factors of 78399744.
2, 3, 31, 37, 89
What are the prime factors of 90697711?
13, 6976747
List the prime factors of 211025699.
73, 2890763
What are the prime factors of 89582107?
977, 91691
What are the prime factors of 69416649?
3, 41, 73, 859
What are the prime factors of 116754128?
2, 7297133
List the prime factors of 55032098.
2, 11, 37, 67607
List the prime factors of 96849124.
2, 107, 226283
What are the prime factors of 5899606?
2, 2949803
List the prime factors of 5031808.
2, 19, 2069
What are the prime factors of 9687058951?
89, 1657, 65687
List the prime factors of 4677922451.
1303, 3590117
What are the prime factors of 4835173133?
7, 17, 59, 547, 1259
List the prime factors of 1231163035.
5, 17, 14484271
What are the prime factors of 111129477?
3, 37043159
List the prime factors of 43273604.
2, 11, 983491
List the prime factors of 347763325.
5, 7, 13, 71, 2153
List the prime factors of 1342480522.
2, 671240261
What are the prime factors of 4969687476?
2, 3, 13, 31856971
What are the prime factors of 22275452?
2, 593, 9391
List the prime factors of 27137025.
3, 5, 1489
What are the prime factors of 914326232?
2, 17, 6722987
What are the prime factors of 260768786?
2, 97, 1344169
What are the prime factors of 127179149?
127179149
What are the prime factors of 8210118?
2, 3, 7, 195479
What are the prime factors of 11193154?
2, 7, 67, 11933
List the prime factors of 417555596.
2, 373, 279863
List the prime factors of 268120896.
2, 3, 271, 5153
List the prime factors of 546825177.
3, 60758353
List the prime factors of 424802518.
2, 7, 89, 340933
List the prime factors of 3011160102.
2, 3, 501860017
What are the prime factors of 5996367564?
2, 3, 11, 45427027
List the prime factors of 469965529.
11, 42724139
List the prime factors of 37155148.
2, 29, 320303
List the prime factors of 26662186.
2, 13331093
List the prime factors of 924364571.
13, 71104967
List the prime factors of 3579398169.
3, 32561, 36643
List the prime factors of 611610345.
3, 5, 503383
What are the prime factors of 936304744?
2, 101, 751, 1543
What are the prime factors of 1102085219?
37, 277, 293, 367
List the prime factors of 38044083.
3, 7, 11, 157, 1049
List the prime factors of 341906829.
3, 11, 59, 67, 2621
List the prime factors of 216707868.
2, 3, 13, 61, 7591
What are the prime factors of 5204208898?
2, 7, 79, 113, 41641
What are the prime factors of 1319522615?
5, 1187, 222329
List the prime factors of 13218767.
23, 73, 7873
List the prime factors of 437611067.
18583, 23549
List the prime factors of 6745690657.
199, 33897943
List the prime factors of 91336554.
2, 3, 1433, 3541
List the prime factors of 337787921.
53, 59, 108023
List the prime factors of 1125304095.
3, 5, 23, 151, 21601
List the prime factors of 414696547.
317, 1308191
List the prime factors of 5065855.
5, 37, 139, 197
List the prime factors of 300485358.
2, 3, 16693631
What are the prime factors of 2414420381?
37633, 64157
What are the prime factors of 175767426?
2, 3, 23, 424559
What are the prime factors of 57701783?
107, 539269
What are the prime factors of 619132661?
7, 751, 117773
List the prime factors of 6051512.
2, 59, 12821
What are the prime factors of 334211264?
2, 5222051
List the prime factors of 4288401551.
7, 87518399
List the prime factors of 1771413415.
5, 19, 18646457
List the prime factors of 528034349.
29, 18208081
List the prime factors of 330240248.
2, 13, 103, 30829
What are the prime factors of 209560071?
3, 7, 17, 61, 9623
List the prime factors of 878681691.
3, 97631299
What are the prime factors of 111567203?
11, 922043
What are the prime factors of 104312790?
2, 3, 5, 1159031
List the prime factors of 4290323293.
4290323293
What are the prime factors of 5587683285?
3, 5, 372512219
What are the prime factors of 27975855?
3, 5, 1865057
What are the prime factors of 570279719?
107, 2267, 2351
What are the prime factors of 224451217?
224451217
What are the prime factors of 1191917800?
2, 5, 5959589
List the prime factors of 120560848.
2, 23, 197, 1663
What are the prime factors of 33821211?
3, 17, 663161
List the prime factors of 322182478.
2, 11197, 14387
List the prime factors of 1815706424.
2, 7, 19, 1706491
What are the prime factors of 35314331?
13, 19, 142973
What are the prime factors of 14601475?
5, 7, 83437
List the prime factors of 6328118510.
2, 5, 7, 37, 67, 36467
List the prime factors of 2870945763.
3, 7, 97, 1409399
List the prime factors of 784157414.
2, 67, 5851921
List the prime factors of 490129203.
3, 29, 569, 9901
List the prime factors of 187811016.
2, 3, 7825459
List the prime factors of 37977214.
2, 11, 1726237
What are the prime factors of 179829726?
2, 3, 109, 131, 2099
List the prime factors of 81778357.
81778357
List the prime factors of 92793189.
3, 30931063
What are the prime factors of 614016698?
2, 307008349
List the prime factors of 3186653682.
2, 3, 531108947
What are the prime factors of 28944730?
2, 5, 37, 78229
What are the prime factors of 707513466?
2, 3, 11, 41, 47, 5563
What are the prime factors of 8636126?
2, 4318063
What are the prime factors of 1483490554?
2, 7, 13, 31, 262937
What are the prime factors of 1569016429?
1321, 1187749
List the prime factors of 919287878.
2, 29, 15849791
List the prime factors of 348091308.
2, 3, 9669203
What are the prime factors of 4922011036?
2, 227, 5420717
List the prime factors of 2293049023.
79, 109, 266293
What are the prime factors of 15750348?
2, 3, 103, 12743
What are the prime factors of 535059631?
535059631
What are the prime factors of 1381049955?
3, 5, 79, 388481
List the prime factors of 1629336840.
2, 3, 5, 61, 222587
What are the prime factors of 5286224724?
2, 3, 11, 40047157
List the prime factors of 128933411.
19, 6785969
List the prime factors of 1093670111.
31, 809, 43609
List the prime factors of 109894705.
5, 53, 414697
List the prime factors of 5877825053.
23, 255557611
List the prime factors of 287912966.
2, 11, 19, 62617
List the prime factors of 3473368646.
2, 11, 89, 161267
List the prime factors of 50443756.
2, 11, 743, 1543
What are the prime factors of 41350553?
47, 879799
List the prime factors of 28520